{"id":16167,"date":"2020-12-10T07:56:29","date_gmt":"2020-12-10T07:56:29","guid":{"rendered":"https:\/\/www.stepstone.de\/Karriere-Bewerbungstipps\/?page_id=16167"},"modified":"2020-12-15T13:20:13","modified_gmt":"2020-12-15T13:20:13","slug":"klinikum-bethel","status":"publish","type":"page","link":"https:\/\/www.stepstone.de\/karriere-bewerbungstipps\/company-stories\/klinikum-bethel\/","title":{"rendered":"Pflegekr\u00e4fte im EvKB"},"content":{"rendered":"\n<link rel=\"stylesheet\" href=\"https:\/\/www.stepstone.de\/Karriere-Bewerbungstipps\/wp-content\/themes\/StSt-B2C\/css\/main.css\">\n<link rel=\"stylesheet\" href=\"https:\/\/www.stepstone.de\/Karriere-Bewerbungstipps\/wp-content\/uploads\/2019\/06\/stepstone-story.css\">\n<style>    \n    #section_stories {\n        border: 0;\n        background-color: transparent;\n    }\n    \n    .mex-button {\n        border-color: #7AAE1A;\n    }\n\n    .mex-button:hover {\n        border-color: #7AAE1A;\n    }\n\n    .mex-button.mex-button--custom {\n        color: #ffffff;\n        font-weight: 600;\n        border-color: #7AAE1A;\n        background-color: #7AAE1A;\n    }\n\n    .mex-button.mex-button--custom:hover,\n    .mex-button.mex-button--custom:focus {\n        color: #ffffff;\n        border-color: #628b15;\n        background-color: #628b15;\n    }\n\n    .mex-button.mex-button--custom:visited {\n        color: #fff;\n        border-color: #7AAE1A;\n    }\n\n    @media (min-width: 768px) {\n        .custom-margin-left {\n            margin-left: 15px;\n        }\n    }\n\n    p:empty {\n        display: none;\n    }\n    \n<\/style>\n<div class=\"\">\n    <section class=\"mex-grid mex-grid--gutterless mex-grid--vertical-align-stretch mex-fill-white mex-card\">\n        <div class=\"mex-grid__unit mex-grid__unit--full\">\n           <img decoding=\"async\" style=\"width: calc(100% + 2px); object-fit: cover; margin-top: -1px; margin-left: -1px; border-radius: 4px 4px 0 0;\" src=\"https:\/\/www.stepstone.de\/Karriere-Bewerbungstipps\/wp-content\/uploads\/2020\/12\/Banner-TOP-EvKB-1024x258.png\">\n        <\/div>\n        <div class=\"mex-grid mex-grid__unit--full mex-grid--horizontal-align-middle mex-padding-vertical-base mex-padding-horizontal-base\">\n            <div class=\"mex-grid__unit mex-grid__unit--3of12@medium\">\n                <div class=\"mex-margin-horizontal-s mex-text-center mex-grid--horizontal-align-middle\">\n                    <a href=\"https:\/\/www.stepstone.de\/5\/ergebnisliste.html?stf=freeText&amp;ns=1&amp;qs=%5B%5D&amp;companyID=0&amp;cityID=0&amp;sourceOfTheSearchField=homepagemex%3Ageneral&amp;searchOrigin=Homepage_top-search&amp;ke=Evangelisches+Klinikum+Bethel&amp;ws=&amp;ra=30\" class=\"mex-button mex-button--primary mex-button--custom mex-button--block\">Jetzt bewerben!<\/a>\n                <\/div>\n            <\/div>\n        <\/div>\n    <\/section>\n    \n    <section class=\"mex-card mex-padding-horizontal-xl mex-padding-vertical-base mex-fill-white\">\n        <div class=\"mex-grid mex-grid--vertical-align-stretch mex-grid--horizontal-align-middle\">\n            <div class=\"mex-grid__unit mex-grid__unit--5of12@medium mex-padding-vertical-s@medium mex-padding-left-s@medium\">\n                <div class=\"mex-card mex-border-all-none mex-flex mex-flex--align-items-center\">\n                    <div class=\"mex-grid mex-grid--horizontal-align-start mex-margin-right-base@medium\">\n                        <h2 class=\"mex-text-black mex-margin-bottom-base\">menschlich. f\u00fchrend. kompetent.\n                        Wir machen den Unterschied.\n                        <\/h2>\n                        <p>Das Evangelische Klinikum Bethel (EvKB) \u2013 Universit\u00e4tsklinikum OWL der Universit\u00e4t Bielefeld \u2013 geh\u00f6rt zu den f\u00fchrenden Gesundheitseinrichtungen in Nordrhein-Westfalen. Mit insgesamt 30 Fachabteilungen ist das EvKB als Krankenhaus der Maximalversorgung bekannt. Dank unserer Gr\u00f6\u00dfe und der Vielzahl von Kliniken und Abteilungen gibt es f\u00fcr Sie am EvKB jede Menge Richtungen, in die Sie sich innerhalb des gro\u00dfen Bereichs Pflege entwickeln k\u00f6nnen. Es gibt immer wieder aktuell offene Stellen, die wir neu besetzen. Wenn Sie selbst eine bestimmte Fachrichtung verfolgen, freuen wir uns auch \u00fcber Ihre Initiative zur Bewerbung.<\/p>\n                    <\/div>\n                <\/div>\n            <\/div>\n            <div class=\"mex-grid__unit mex-grid__unit--4of12@medium mex-grid__unit--6of12 mex-padding-vertical-s@medium\">\n                <div class=\"mex-card mex-border-all-none mex-flex\">\n                    <div class=\"mex-grid mex-grid--vertical-align-middle\">\n                        <img decoding=\"async\" src=\"https:\/\/www.stepstone.de\/Karriere-Bewerbungstipps\/wp-content\/uploads\/2020\/12\/Klinikum-Bethel.jpg\" class=\"custom-margin-left\" style=\"margin: 0; width: 100%\">\n                    <\/div>\n                <\/div>\n            <\/div>\n        <\/div>\n    <\/section>\n    \n    <section class=\"mex-card\">\n        <div class=\"mex-grid\">\n            <div class=\"mex-grid__unit\"><img decoding=\"async\" style=\"width: 100%; object-fit: cover; border-radius: 4px;\" src=\"https:\/\/www.stepstone.de\/Karriere-Bewerbungstipps\/wp-content\/uploads\/2020\/12\/Benefits-evKB.png\"><\/div>\n        <\/div>\n    <\/section>\n    \n    <section class=\"video-slider\">\n        <div class=\"mex-card mex-padding-top-base mex-padding-bottom-base mex-show@medium\">\n            <div class=\"mex-grid mex-grid--horizontal-align-middle mex-grid--vertical-align-stretch mex-grid--vertical-align-end mex-margin-all-none\">\n                <div class=\"mex-grid mex-grid--vertical-align-stretch mex-grid--autowidth mex-margin-all-none mex-grid__unit--8of12\" style=\"white-space: normal;min-width:0\">\n                    <div class=\"mex-grid__unit\">\n                        <div class=\"mex-grid__unit mex-grid__unit--9of12@medium\">\n                            <h2 class=\"mex-text-black mex-margin-bottom-base\">Ein Einblick in unsere Pflegeschulen<\/h2>\n                        <\/div>\n                        <div class=\"mex-fluidvideo\" style=\"flex: none;\">\n                            <iframe title=\"story embed\" src=\"https:\/\/www.youtube.com\/embed\/aP9BFhcfW-w\" style=\"position:absolute;top:0;border:0;width:100%;height:100%\"><\/iframe>\n                        <\/div>\n                    <\/div>\n                <\/div>\n            <\/div>\n        <\/div>\n    <\/section>\n    \n    <section class=\"mex-card\">\n        <div class=\"mex-grid\">\n            <div class=\"mex-grid__unit\"><img decoding=\"async\" style=\"width: 100%; object-fit: cover; border-radius: 4px;\" src=\"https:\/\/www.stepstone.de\/Karriere-Bewerbungstipps\/wp-content\/uploads\/2020\/12\/Banner-Mitte-EvKB-1024x303.png\"><\/div>\n        <\/div>\n    <\/section>\n    \n    <section class=\"mex-card mex-padding-horizontal-xl mex-padding-vertical-base mex-fill-white\">\n        <div class=\"mex-grid mex-grid--vertical-align-stretch mex-grid--horizontal-align-middle\">\n            <div class=\"mex-grid__unit mex-grid__unit--5of12@medium mex-padding-vertical-s@medium mex-padding-left-s@medium\">\n                <div class=\"mex-card mex-border-all-none mex-flex mex-flex--align-items-center\">\n                    <div class=\"mex-grid mex-grid--horizontal-align-start mex-margin-right-base@medium\">\n                        <h2 class=\"mex-text-black mex-margin-bottom-base\">Pflege.<br>Ein Beruf mit Perspektive.<\/h2>\n                        <p>Pflegekr\u00e4fte bilden im EvKB die gr\u00f6\u00dfte Berufsgruppe. Sie stellen mehr als ein Drittel der 4.600 Besch\u00e4ftigen. In beinahe s\u00e4mtlichen klinischen Bereichen sind Mitarbeiterinnen und Mitarbeiter aus dem Pflegebereich t\u00e4tig. Das Besondere: Dank der Gr\u00f6\u00dfe und den verschiedenen Standorten, Kliniken und Abteilungen des EvkB k\u00f6nnen Sie den Pflegeberuf in der Fachdisziplin aus\u00fcben, die Ihnen am besten entspricht. Und wenn Sie sich beruflich weiterentwickeln wollen, k\u00f6nnen Sie sich mit unseren Weiterbildungsangeboten gezielt spezialisieren.<\/p>\n                    <\/div>\n                <\/div>\n            <\/div>\n            <div class=\"mex-grid__unit mex-grid__unit--4of12@medium mex-grid__unit--6of12 mex-padding-vertical-s@medium\">\n                <div class=\"mex-card mex-border-all-none mex-flex\">\n                    <div class=\"mex-grid mex-grid--vertical-align-middle\">\n                        <img decoding=\"async\" src=\"https:\/\/www.stepstone.de\/Karriere-Bewerbungstipps\/wp-content\/uploads\/2020\/12\/EvKB-Pfleger.png\" class=\"custom-margin-left\" style=\"margin: 0; width: 100%\">\n                    <\/div>\n                <\/div>\n            <\/div>\n        <\/div>\n    <\/section>\n  \n    <section class=\"mex-card mex-padding-top-base mex-padding-bottom-none mex-padding-horizontal-base mex-show@medium\">\n        <div class=\"mex-grid mex-grid--vertical-align-stretch\">\n            <div class=\"mex-grid mex-grid--vertical-align-stretch mex-flex mex-flex--wrap\" style=\"white-space: normal;min-width:0;margin:0\">\n                <div class=\"mex-grid__unit mex-grid__unit--full mex-grid__unit--4of12@medium\">\n                    <div class=\"mex-padding-all-base\" style=\"padding-top:50px;\">\n                        <div style=\"text-align: center\"><img decoding=\"async\" class=\"\" src=\"https:\/\/www.stepstone.de\/Karriere-Bewerbungstipps\/wp-content\/uploads\/2020\/12\/DSC_3324-klein-541x360.jpg\" width=\"100%\"><\/div>\n                    <\/div>\n                <\/div>\n                <div class=\"mex-grid__unit mex-grid__unit--full mex-grid__unit--4of12@medium\">\n                    <div class=\"mex-padding-all-base\">\n                        <div style=\"text-align: center\"><img decoding=\"async\" class=\"\" src=\"https:\/\/www.stepstone.de\/Karriere-Bewerbungstipps\/wp-content\/uploads\/2020\/12\/DSC_8953-klein-541x360.jpg\" width=\"100%\"><\/div>\n                    <\/div>\n                <\/div>\n                <div class=\"mex-grid__unit mex-grid__unit--full mex-grid__unit--4of12@medium\">\n                    <div class=\"mex-padding-all-base\">\n                        <div style=\"text-align: center;\"><img decoding=\"async\" class=\"\" src=\"https:\/\/www.stepstone.de\/Karriere-Bewerbungstipps\/wp-content\/uploads\/2020\/12\/DSC_2567_bearbeitet-klein-539x360.jpg\" width=\"100%\"><\/div>\n                    <\/div>\n                <\/div>\n            <\/div>\n        <\/div>\n    <\/section>\n    \n    <section class=\"mex-card mex-padding-vertical-base mex-padding-horizontal-base mex-text-center\">\n        <div class=\"mex-grid mex-grid--horizontal-align-middle\">\n            <div class=\"mex-grid__unit mex-grid__unit--3of12@medium\">\n                <div class=\"mex-margin-horizontal-s mex-text-center mex-grid--horizontal-align-middle\">\n                    <a href=\"https:\/\/www.stepstone.de\/5\/ergebnisliste.html?stf=freeText&amp;ns=1&amp;qs=%5B%5D&amp;companyID=0&amp;cityID=0&amp;sourceOfTheSearchField=homepagemex%3Ageneral&amp;searchOrigin=Homepage_top-search&amp;ke=Evangelisches+Klinikum+Bethel&amp;ws=&amp;ra=30\" class=\"mex-button mex-button--primary mex-button--custom mex-button--block\">Jetzt bewerben!<\/a>\n                <\/div>\n            <\/div>\n        <\/div>\n    <\/section>\n    \n    <section class=\"mex-card\">\n        <div class=\"mex-grid\">\n            <div class=\"mex-grid__unit\"><img decoding=\"async\" style=\"width: 100%; object-fit: cover; border-radius: 4px;\" src=\"https:\/\/www.stepstone.de\/Karriere-Bewerbungstipps\/wp-content\/uploads\/2020\/12\/stellenanzeige-evkb-personalmarketing-patient-pfleger-web855x428.jpg\"><\/div>\n        <\/div>\n    <\/section>\n<\/div>\n","protected":false},"excerpt":{"rendered":"<p>Jetzt bewerben! menschlich. f\u00fchrend. kompetent. Wir machen den Unterschied. Das Evangelische Klinikum Bethel (EvKB) \u2013 Universit\u00e4tsklinikum OWL der Universit\u00e4t Bielefeld \u2013 geh\u00f6rt zu den f\u00fchrenden Gesundheitseinrichtungen in Nordrhein-Westfalen. Mit insgesamt 30 Fachabteilungen ist das EvKB als Krankenhaus der Maximalversorgung bekannt. Dank unserer Gr\u00f6\u00dfe und der Vielzahl von Kliniken und Abteilungen gibt es f\u00fcr Sie am [&hellip;]<\/p>\n","protected":false},"author":5,"featured_media":0,"parent":9905,"menu_order":0,"comment_status":"closed","ping_status":"closed","template":"","meta":{"footnotes":""},"class_list":["post-16167","page","type-page","status-publish","hentry"],"yoast_head":"<!-- This site is optimized with the Yoast SEO Premium plugin v22.6 (Yoast SEO v22.6) - https:\/\/yoast.com\/wordpress\/plugins\/seo\/ -->\n<title>Pflegekr\u00e4fte im EvKB - DE B2C<\/title>\n<meta name=\"robots\" content=\"index, follow, max-snippet:-1, max-image-preview:large, max-video-preview:-1\" \/>\n<link rel=\"canonical\" href=\"https:\/\/www.stepstone.de\/karriere-bewerbungstipps\/company-stories\/klinikum-bethel\/\" \/>\n<meta property=\"og:locale\" content=\"en_US\" \/>\n<meta property=\"og:type\" content=\"article\" \/>\n<meta property=\"og:title\" content=\"Pflegekr\u00e4fte im EvKB\" \/>\n<meta property=\"og:description\" content=\"Jetzt bewerben! menschlich. f\u00fchrend. kompetent. Wir machen den Unterschied. Das Evangelische Klinikum Bethel (EvKB) \u2013 Universit\u00e4tsklinikum OWL der Universit\u00e4t Bielefeld \u2013 geh\u00f6rt zu den f\u00fchrenden Gesundheitseinrichtungen in Nordrhein-Westfalen. Mit insgesamt 30 Fachabteilungen ist das EvKB als Krankenhaus der Maximalversorgung bekannt. Dank unserer Gr\u00f6\u00dfe und der Vielzahl von Kliniken und Abteilungen gibt es f\u00fcr Sie am [&hellip;]\" \/>\n<meta property=\"og:url\" content=\"https:\/\/www.stepstone.de\/karriere-bewerbungstipps\/company-stories\/klinikum-bethel\/\" \/>\n<meta property=\"og:site_name\" content=\"DE B2C\" \/>\n<meta property=\"article:modified_time\" content=\"2020-12-15T13:20:13+00:00\" \/>\n<meta property=\"og:image\" content=\"https:\/\/www.stepstone.de\/Karriere-Bewerbungstipps\/wp-content\/uploads\/2020\/12\/Banner-TOP-EvKB-1024x258.png\" \/>\n<meta name=\"twitter:card\" content=\"summary_large_image\" \/>\n<meta name=\"twitter:label1\" content=\"Est. reading time\" \/>\n\t<meta name=\"twitter:data1\" content=\"1 minute\" \/>\n<script type=\"application\/ld+json\" class=\"yoast-schema-graph\">{\"@context\":\"https:\/\/schema.org\",\"@graph\":[{\"@type\":\"WebPage\",\"@id\":\"https:\/\/www.stepstone.de\/karriere-bewerbungstipps\/company-stories\/klinikum-bethel\/\",\"url\":\"https:\/\/www.stepstone.de\/karriere-bewerbungstipps\/company-stories\/klinikum-bethel\/\",\"name\":\"Pflegekr\u00e4fte im EvKB - DE B2C\",\"isPartOf\":{\"@id\":\"https:\/\/www.stepstone.de\/karriere-bewerbungstipps\/#website\"},\"primaryImageOfPage\":{\"@id\":\"https:\/\/www.stepstone.de\/karriere-bewerbungstipps\/company-stories\/klinikum-bethel\/#primaryimage\"},\"image\":{\"@id\":\"https:\/\/www.stepstone.de\/karriere-bewerbungstipps\/company-stories\/klinikum-bethel\/#primaryimage\"},\"thumbnailUrl\":\"https:\/\/www.stepstone.de\/Karriere-Bewerbungstipps\/wp-content\/uploads\/2020\/12\/Banner-TOP-EvKB-1024x258.png\",\"datePublished\":\"2020-12-10T07:56:29+00:00\",\"dateModified\":\"2020-12-15T13:20:13+00:00\",\"breadcrumb\":{\"@id\":\"https:\/\/www.stepstone.de\/karriere-bewerbungstipps\/company-stories\/klinikum-bethel\/#breadcrumb\"},\"inLanguage\":\"en-US\",\"potentialAction\":[{\"@type\":\"ReadAction\",\"target\":[\"https:\/\/www.stepstone.de\/karriere-bewerbungstipps\/company-stories\/klinikum-bethel\/\"]}]},{\"@type\":\"ImageObject\",\"inLanguage\":\"en-US\",\"@id\":\"https:\/\/www.stepstone.de\/karriere-bewerbungstipps\/company-stories\/klinikum-bethel\/#primaryimage\",\"url\":\"https:\/\/www.stepstone.de\/Karriere-Bewerbungstipps\/wp-content\/uploads\/2020\/12\/Banner-TOP-EvKB-1024x258.png\",\"contentUrl\":\"https:\/\/www.stepstone.de\/Karriere-Bewerbungstipps\/wp-content\/uploads\/2020\/12\/Banner-TOP-EvKB-1024x258.png\"},{\"@type\":\"BreadcrumbList\",\"@id\":\"https:\/\/www.stepstone.de\/karriere-bewerbungstipps\/company-stories\/klinikum-bethel\/#breadcrumb\",\"itemListElement\":[{\"@type\":\"ListItem\",\"position\":1,\"name\":\"Home\",\"item\":\"https:\/\/www.stepstone.de\/karriere-bewerbungstipps\/\"},{\"@type\":\"ListItem\",\"position\":2,\"name\":\"Company Stories\",\"item\":\"https:\/\/www.stepstone.de\/karriere-bewerbungstipps\/company-stories\/\"},{\"@type\":\"ListItem\",\"position\":3,\"name\":\"Pflegekr\u00e4fte im EvKB\"}]},{\"@type\":\"WebSite\",\"@id\":\"https:\/\/www.stepstone.de\/karriere-bewerbungstipps\/#website\",\"url\":\"https:\/\/www.stepstone.de\/karriere-bewerbungstipps\/\",\"name\":\"DE B2C\",\"description\":\"Just another WordPress site\",\"potentialAction\":[{\"@type\":\"SearchAction\",\"target\":{\"@type\":\"EntryPoint\",\"urlTemplate\":\"https:\/\/www.stepstone.de\/karriere-bewerbungstipps\/?s={search_term_string}\"},\"query-input\":\"required name=search_term_string\"}],\"inLanguage\":\"en-US\"}]}<\/script>\n<!-- \/ Yoast SEO Premium plugin. -->","yoast_head_json":{"title":"Pflegekr\u00e4fte im EvKB - DE B2C","robots":{"index":"index","follow":"follow","max-snippet":"max-snippet:-1","max-image-preview":"max-image-preview:large","max-video-preview":"max-video-preview:-1"},"canonical":"https:\/\/www.stepstone.de\/karriere-bewerbungstipps\/company-stories\/klinikum-bethel\/","og_locale":"en_US","og_type":"article","og_title":"Pflegekr\u00e4fte im EvKB","og_description":"Jetzt bewerben! menschlich. f\u00fchrend. kompetent. Wir machen den Unterschied. Das Evangelische Klinikum Bethel (EvKB) \u2013 Universit\u00e4tsklinikum OWL der Universit\u00e4t Bielefeld \u2013 geh\u00f6rt zu den f\u00fchrenden Gesundheitseinrichtungen in Nordrhein-Westfalen. Mit insgesamt 30 Fachabteilungen ist das EvKB als Krankenhaus der Maximalversorgung bekannt. Dank unserer Gr\u00f6\u00dfe und der Vielzahl von Kliniken und Abteilungen gibt es f\u00fcr Sie am [&hellip;]","og_url":"https:\/\/www.stepstone.de\/karriere-bewerbungstipps\/company-stories\/klinikum-bethel\/","og_site_name":"DE B2C","article_modified_time":"2020-12-15T13:20:13+00:00","og_image":[{"url":"https:\/\/www.stepstone.de\/Karriere-Bewerbungstipps\/wp-content\/uploads\/2020\/12\/Banner-TOP-EvKB-1024x258.png"}],"twitter_card":"summary_large_image","twitter_misc":{"Est. reading time":"1 minute"},"schema":{"@context":"https:\/\/schema.org","@graph":[{"@type":"WebPage","@id":"https:\/\/www.stepstone.de\/karriere-bewerbungstipps\/company-stories\/klinikum-bethel\/","url":"https:\/\/www.stepstone.de\/karriere-bewerbungstipps\/company-stories\/klinikum-bethel\/","name":"Pflegekr\u00e4fte im EvKB - DE B2C","isPartOf":{"@id":"https:\/\/www.stepstone.de\/karriere-bewerbungstipps\/#website"},"primaryImageOfPage":{"@id":"https:\/\/www.stepstone.de\/karriere-bewerbungstipps\/company-stories\/klinikum-bethel\/#primaryimage"},"image":{"@id":"https:\/\/www.stepstone.de\/karriere-bewerbungstipps\/company-stories\/klinikum-bethel\/#primaryimage"},"thumbnailUrl":"https:\/\/www.stepstone.de\/Karriere-Bewerbungstipps\/wp-content\/uploads\/2020\/12\/Banner-TOP-EvKB-1024x258.png","datePublished":"2020-12-10T07:56:29+00:00","dateModified":"2020-12-15T13:20:13+00:00","breadcrumb":{"@id":"https:\/\/www.stepstone.de\/karriere-bewerbungstipps\/company-stories\/klinikum-bethel\/#breadcrumb"},"inLanguage":"en-US","potentialAction":[{"@type":"ReadAction","target":["https:\/\/www.stepstone.de\/karriere-bewerbungstipps\/company-stories\/klinikum-bethel\/"]}]},{"@type":"ImageObject","inLanguage":"en-US","@id":"https:\/\/www.stepstone.de\/karriere-bewerbungstipps\/company-stories\/klinikum-bethel\/#primaryimage","url":"https:\/\/www.stepstone.de\/Karriere-Bewerbungstipps\/wp-content\/uploads\/2020\/12\/Banner-TOP-EvKB-1024x258.png","contentUrl":"https:\/\/www.stepstone.de\/Karriere-Bewerbungstipps\/wp-content\/uploads\/2020\/12\/Banner-TOP-EvKB-1024x258.png"},{"@type":"BreadcrumbList","@id":"https:\/\/www.stepstone.de\/karriere-bewerbungstipps\/company-stories\/klinikum-bethel\/#breadcrumb","itemListElement":[{"@type":"ListItem","position":1,"name":"Home","item":"https:\/\/www.stepstone.de\/karriere-bewerbungstipps\/"},{"@type":"ListItem","position":2,"name":"Company Stories","item":"https:\/\/www.stepstone.de\/karriere-bewerbungstipps\/company-stories\/"},{"@type":"ListItem","position":3,"name":"Pflegekr\u00e4fte im EvKB"}]},{"@type":"WebSite","@id":"https:\/\/www.stepstone.de\/karriere-bewerbungstipps\/#website","url":"https:\/\/www.stepstone.de\/karriere-bewerbungstipps\/","name":"DE B2C","description":"Just another WordPress site","potentialAction":[{"@type":"SearchAction","target":{"@type":"EntryPoint","urlTemplate":"https:\/\/www.stepstone.de\/karriere-bewerbungstipps\/?s={search_term_string}"},"query-input":"required name=search_term_string"}],"inLanguage":"en-US"}]}},"_links":{"self":[{"href":"https:\/\/www.stepstone.de\/karriere-bewerbungstipps\/wp-json\/wp\/v2\/pages\/16167","targetHints":{"allow":["GET"]}}],"collection":[{"href":"https:\/\/www.stepstone.de\/karriere-bewerbungstipps\/wp-json\/wp\/v2\/pages"}],"about":[{"href":"https:\/\/www.stepstone.de\/karriere-bewerbungstipps\/wp-json\/wp\/v2\/types\/page"}],"author":[{"embeddable":true,"href":"https:\/\/www.stepstone.de\/karriere-bewerbungstipps\/wp-json\/wp\/v2\/users\/5"}],"replies":[{"embeddable":true,"href":"https:\/\/www.stepstone.de\/karriere-bewerbungstipps\/wp-json\/wp\/v2\/comments?post=16167"}],"version-history":[{"count":2,"href":"https:\/\/www.stepstone.de\/karriere-bewerbungstipps\/wp-json\/wp\/v2\/pages\/16167\/revisions"}],"predecessor-version":[{"id":16196,"href":"https:\/\/www.stepstone.de\/karriere-bewerbungstipps\/wp-json\/wp\/v2\/pages\/16167\/revisions\/16196"}],"up":[{"embeddable":true,"href":"https:\/\/www.stepstone.de\/karriere-bewerbungstipps\/wp-json\/wp\/v2\/pages\/9905"}],"wp:attachment":[{"href":"https:\/\/www.stepstone.de\/karriere-bewerbungstipps\/wp-json\/wp\/v2\/media?parent=16167"}],"curies":[{"name":"wp","href":"https:\/\/api.w.org\/{rel}","templated":true}]}}